ns digit of 31807?
0
What is the tens digit of 28458?
5
What is the units digit of 3684?
4
What is the units digit of 899?
9
What is the hundreds digit of 874?
8
What is the units digit of 7459?
9
What is the tens digit of 1170?
7
What is the thousands digit of 22909?
2
What is the hundreds digit of 8031?
0
What is the units digit of 17082?
2
What is the units digit of 7488?
8
What is the thousands digit of 119186?
9
What is the tens digit of 134108?
0
What is the hundreds digit of 5107?
1
What is the units digit of 6229?
9
What is the thousands digit of 6149?
6
What is the thousands digit of 1107?
1
What is the tens digit of 1529?
2
What is the tens digit of 98669?
6
What is the hundreds digit of 781?
7
What is the thousands digit of 1526?
1
What is the units digit of 265?
5
What is the hundreds digit of 73984?
9
What is the tens digit of 83441?
4
What is the tens digit of 1072?
7
What is the hundreds digit of 6461?
4
What is the ten thousands digit of 26396?
2
What is the thousands digit of 5495?
5
What is the thousands digit of 53451?
3
What is the hundreds digit of 5382?
3
What is the tens digit of 288?
8
What is the units digit of 55231?
1
What is the ten thousands digit of 20698?
2
What is the tens digit of 1854?
5
What is the units digit of 850?
0
What is the tens digit of 1724?
2
What is the thousands digit of 2983?
2
What is the units digit of 141?
1
What is the thousands digit of 60200?
0
What is the units digit of 13096?
6
What is the units digit of 891?
1
What is the hundreds digit of 637?
6
What is the ten thousands digit of 61253?
6
What is the thousands digit of 18521?
8
What is the units digit of 1287?
7
What is the ten thousands digit of 19824?
1
What is the hundreds digit of 1311?
3
What is the thousands digit of 68582?
8
What is the units digit of 8057?
7
What is the thousands digit of 22322?
2
What is the tens digit of 9476?
7
What is the tens digit of 1448?
4
What is the units digit of 12901?
1
What is the thousands digit of 80396?
0
What is the tens digit of 8951?
5
What is the units digit of 10376?
6
What is the thousands digit of 1034?
1
What is the tens digit of 1064?
6
What is the tens digit of 355?
5
What is the hundreds digit of 701?
7
What is the hundreds digit of 89292?
2
What is the units digit of 2419?
9
What is the tens digit of 109?
0
What is the units digit of 126367?
7
What is the units digit of 3251?
1
What is the hundreds digit of 116319?
3
What is the hundreds digit of 1790?
7
What is the hundreds digit of 237?
2
What is the tens digit of 63475?
7
What is the ten thousands digit of 64252?
6
What is the thousands digit of 1384?
1
What is the ten thousands digit of 21299?
2
What is the ten thousands digit of 35863?
3
What is the tens digit of 106055?
5
What is the units digit of 5269?
9
What is the tens digit of 142065?
6
What is the hundred thousands digit of 187124?
1
What is the units digit of 1554?
4
What is the tens digit of 374?
7
What is the thousands digit of 114693?
4
What is the units digit of 10121?
1
What is the hundreds digit of 545?
5
What is the hundreds digit of 5306?
3
What is the units digit of 110?
0
What is the tens digit of 9847?
4
What is the hundreds digit of 1611?
6
What is the hundreds digit of 59464?
4
What is the hundreds digit of 5013?
0
What is the tens digit of 725?
2
What is the units digit of 294?
4
What is the hundreds digit of 86712?
7
What is the units digit of 17261?
1
What is the thousands digit of 53349?
3
What is the thousands digit of 1700?
1
What is the hundreds digit of 861?
8
What is the hundreds digit of 460?
4
What is the thousands digit of 49993?
9
What is the units digit of 25047?
7
What is the ten thousands digit of 12870?
1
What is the tens digit of 64456?
5
What is the units digit of 5280?
0
What is the tens digit of 194089?
8
What is the ten thousands digit of 11381?
1
What is the hundreds digit of 1262?
2
What is the tens digit of 31066?
6
What is the hundreds digit of 19000?
0
What is the units digit of 56761?
1
What is the thousands digit of 2411?
2
What is the units digit of 2300?
0
What is the tens digit of 607?
0
What is the units digit of 31208?
8
What is the units digit of 12791?
1
What is the tens digit of 26720?
2
What is the thousands digit of 1379?
1
What is the ten thousands digit of 177508?
7
What is the thousands digit of 35834?
5
What is the hundreds digit of 4756?
7
What is the thousands digit of 44409?
4
What is the thousands digit of 40706?
0
What is the tens digit of 1570?
7
What is the tens digit of 1337?
3
What is the tens digit of 586?
8
What is the tens digit of 1219?
1
What is the thousands digit of 15438?
5
What is the thousands digit of 14345?
4
What is the units digit of 10245?
5
What is the units digit of 4745?
5
What is the units digit of 924?
4
What is the hundreds digit of 2501?
5
What is the units digit of 1415?
5
What is the tens digit of 21590?
9
What is the hundreds digit of 741?
7
What is the thousands digit of 3628?
3
What is the units digit of 522?
2
What is the hundreds digit of 8178?
1
What is the tens digit of 1430?
3
What is the ten thousands digit of 57229?
5
What is the thousands digit of 17543?
7
What is the tens digit of 4955?
5
What is the thousands digit of 6791?
6
What is the units digit of 866?
6
What is the tens digit of 26943?
4
What is the hundreds digit of 160?
1
What is the units digit of 25014?
4
What is the thousands digit of 27152?
7
What is the hundred thousands digit of 155415?
1
What is the thousands digit of 3252?
3
What is the units digit of 832?
2
What is the ten thousands digit of 93806?
9
What is the units digit of 53879?
9
What is the hundreds digit of 1635?
6
What is the tens digit of 2442?
4
What is the units digit of 99701?
1
What is the units digit of 5640?
0
What is the units digit of 18508?
8
What is the units digit of 16370?
0
What is the ten thousands digit of 13588?
1
What is the units digit of 1306?
6
What is the units digit of 5134?
4
What is the hundreds digit of 1962?
9
What is the hundreds digit of 794?
7
What is the units digit of 104?
4
What is the hundreds digit of 416?
4
What is the hundreds digit of 903?
9
What is the ten thousands digit of 20893?
2
What is the tens digit of 608?
0
What is the hundreds digit of 4489?
4
What is the units digit of 14239?
9
What is the tens digit of 338?
3
What is the units digit of 1381?
1
What is the tens digit of 34065?
6
What is the units digit of 5134?
4
What is the units digit of 1774?
4
What is the hundreds digit of 10963?
9
What is the thousands digit of 3384?
3
What is the tens digit of 382?
8
What is the units digit of 16055?
5
What is the hundreds digit of 56666?
6
What is the hundreds digit of 1498?
4
What is the tens digit of 24996?
9
What is the tens digit of 1090?
9
What is the thousands digit of 2385?
2
What is the tens digit of 52775?
7
What is the tens digit of 1055?
5
What is the tens digit of 47495?
9
What is the hundreds digit of 1409?
4
What is the units digit of 7397?
7
What is the units digit of 152?
2
What is the units digit of 1070?
0
What is the hundreds digit of 28537?
5
What is the thousands digit of 3752?
3
What is the units digit of 69076?
6
What is the thousands digit of 2224?
2
What is the tens digit of 1303?
0
What is the hundreds digit of 5759?
7
What is the hundreds digit of 62906?
9
What is the units digit of 2656?
6
What is the thousands digit of 10202?
0
What is the thousands digit of 3597?
3
What is the hundred thousands digit of 125139?
1
What is the units digit of 2881?
1
What is the thousands digit of 11743?
1
What is the ten thousands digit of 47273?
4
What is the tens digit of 122040?
4
What is the ten thousands digit of 56378?
5
What is the thousands digit of 1410?
1
What is the units digit of 128366?
6
What is the tens digit of 505?
0
What is the units digit of 49645?
5
What is the hundreds digit of 360?
3
What is the hundreds digit of 537?
5
What is the ten thousands digit of 54239?
5
What is the thousands digit of 6737?
6
What is the ten thousands digit of 22565?
2
What is the hundreds digit of 2917?
9
What is the ten thousands digit of 98731?
9
What is the thousands digit of 3404?
3
What is the tens digit of 933?
3
What is the tens digit of 1103?
0
What is the ten thousands digit of 1178